lse
Is 8839927 a composite number?
False
Is 144955263 a prime number?
False
Is 3212419 a composite number?
True
Is 2190763 a composite number?
False
Is 15500011 prime?
True
Is 32686603 a prime number?
True
Is 842701 a composite number?
False
Is 58317121 a prime number?
False
Is 653197 a prime number?
True
Is 38237039 a composite number?
False
Is 3607327 composite?
False
Is 540803867 a composite number?
False
Is 91146023 prime?
True
Is 116454491 composite?
True
Is 233674013 a prime number?
True
Is 7938397 a prime number?
True
Is 2828543 composite?
False
Is 83425179 a prime number?
False
Is 6700417 composite?
False
Is 985631027 a prime number?
False
Is 713754463 a composite number?
True
Is 6004714583 composite?
True
Is 1347011 prime?
False
Is 169051 composite?
True
Is 28979761 composite?
True
Is 24306749 composite?
False
Is 512553 a prime number?
False
Is 2881547 prime?
True
Is 2412071 a composite number?
True
Is 6615353 prime?
True
Is 40847123 a prime number?
False
Is 10197653 prime?
True
Is 274958573 composite?
False
Is 11195277 a prime number?
False
Is 171791 prime?
False
Is 4756637 a prime number?
True
Is 9278183 prime?
False
Is 18198469 composite?
False
Is 961950659 composite?
False
Is 8682229 composite?
False
Is 16146734 composite?
True
Is 480685 a composite number?
True
Is 5490637 composite?
True
Is 9866489 composite?
False
Is 21881 composite?
False
Is 42020509 prime?
True
Is 27183781 a prime number?
False
Is 338223181 composite?
True
Is 5914046 a composite number?
True
Is 27306781 a composite number?
True
Is 29449709 prime?
True
Is 749311 prime?
False
Is 133129049 prime?
False
Is 14656463 prime?
True
Is 47557 prime?
False
Is 170741 composite?
False
Is 2523317 composite?
False
Is 100293499 composite?
True
Is 168249461 a prime number?
True
Is 3037247 composite?
False
Is 3692947 prime?
False
Is 865409 composite?
False
Is 8569579 a composite number?
True
Is 625031 a composite number?
True
Is 25229507 prime?
False
Is 7152269 composite?
False
Is 983317 composite?
False
Is 2976991 composite?
False
Is 52059659 a prime number?
False
Is 16598369 prime?
True
Is 33162751 prime?
False
Is 3351149 a prime number?
False
Is 113625289 prime?
True
Is 3685997 prime?
False
Is 41771 a composite number?
False
Is 90673021 composite?
True
Is 5050223 a composite number?
True
Is 35470651 a composite number?
True
Is 1346 composite?
True
Is 238643227 composite?
True
Is 117902189 a prime number?
True
Is 48193779 a prime number?
False
Is 1516971 a composite number?
True
Is 8749387 a composite number?
True
Is 14110273 a prime number?
False
Is 50509807 a composite number?
False
Is 15849893 prime?
True
Is 1598353 a composite number?
True
Is 19132195 composite?
True
Is 36383073 composite?
True
Is 2391769 a prime number?
True
Is 3249391 a prime number?
True
Is 34821811 a composite number?
False
Is 16717847 composite?
False
Is 846731 composite?
True
Is 6561317 a prime number?
False
Is 2575949 a composite number?
True
Is 749586769 a composite number?
True
Is 4285187 a composite number?
False
Is 9521521 prime?
False
Is 19559363 a prime number?
True
Is 545267 prime?
True
Is 287475863 composite?
True
Is 18349663 composite?
True
Is 112872219 composite?
True
Is 1679969 a composite number?
True
Is 260015381 prime?
False
Is 16376489 composite?
False
Is 13584647 a composite number?
False
Is 23798441 a composite number?
False
Is 6151477 composite?
False
Is 511669 a prime number?
True
Is 5941319 a composite number?
True
Is 50194039 a composite number?
True
Is 2976854 a composite number?
True
Is 1527167 prime?
False
Is 29943481 a composite number?
False
Is 308198353 a composite number?
True
Is 30830185 a prime number?
False
Is 82130039 a composite number?
True
Is 2583671 prime?
True
Is 9705757 prime?
True
Is 35794783 prime?
True
Is 52226597 prime?
True
Is 53164343 composite?
False
Is 26663163 prime?
False
Is 12407401 a composite number?
True
Is 715339 a composite number?
False
Is 157849 a prime number?
False
Is 27346789 a prime number?
True
Is 617206921 a prime number?
True
Is 2297429 a prime number?
True
Is 4882539 a composite number?
True
Is 892327 prime?
False
Is 234816781 a composite number?
True
Is 20186131 prime?
False
Is 9615682 composite?
True
Is 24743458 composite?
True
Is 1606349 composite?
False
Is 5015254 a prime number?
False
Is 45807887 composite?
True
Is 2765587 prime?
False
Is 18861779 prime?
True
Is 6111503 a prime number?
True
Is 126024337 a composite number?
True
Is 9148967 composite?
True
Is 17939183 a composite number?
True
Is 11088857 a prime number?
False
Is 69757157 a prime number?
True
Is 3067619 prime?
False
Is 1870177 prime?
False
Is 9889559 a prime number?
True
Is 7579709 a prime number?
False
Is 70337489 a composite number?
False
Is 10128229 a prime number?
True
Is 11835097 composite?
False
Is 10630315 a composite number?
True
Is 844103541 a composite number?
True
Is 7610983 prime?
False
Is 490054247 a prime number?
False
Is 101259413 a prime number?
False
Is 2788273 composite?
False
Is 814159 prime?
False
Is 254671 composite?
True
Is 231030103 a composite number?
True
Is 113679431 a composite number?
False
Is 11085551 composite?
False
Is 3331903 composite?
True
Is 54494819 a prime number?
False
Is 1401349 a prime number?
True
Is 4989767 a prime number?
True
Is 5670247 a composite number?
True
Is 308032679 composite?
False
Is 12787547 a prime number?
True
Is 7236545 composite?
True
Is 2663069 a prime number?
True
Is 59976031 a composite number?
True
Is 3184138909 a composite number?
True
Is 1836239 prime?
True
Is 77493427 composite?
True
Is 492379 prime?
False
Is 74254759 a prime number?
False
Is 37336661 a composite number?
True
Is 2043121 a prime number?
True
Is 97148741 composite?
False
Is 231905 prime?
False
Is 4588205 a composite number?
True
Is 531451 a prime number?
False
Is 1362291761 a prime number?
False
Is 58558807 prime?
True
Is 5629577 composite?
True
Is 11660183 a composite number?
True
Is 121425935 composite?
True
Is 1720657 composite?
True
Is 46424711 prime?
True
Is 103889 prime?
True
Is 6514817 composite?
False
Is 1180265 a composite number?
True
Is 346776653 a composite number?
False
Is 14887907 a composite number?
True
Is 5903897 composite?
False
Is 1114277 a prime number?
False
Is 32813017 a prime number?
True
Is 69498211 a composite number?
True
Is 25936787 prime?
True
Is 9971779 prime?
True
Is 5867857 prime?
True
Is 185024963 composite?
False
Is 36106387 a composite number?
True
Is 451162741 composite?
False
Is 116012069 prime?
False
Is 112537 a composite number?
True
Is 5407309 composite?
True
Is 3455139 a composite number?
True
Is 5152319 a prime number?
True
Is 98996239 composite?
False
Is 23542301 a composite number?
True
Is 11262509 composite?
False
Is 32264411 a composite number?
False
Is 117487861 composite?
True
Is 120369349 a prime number?
True
Is 4536149 a prime number?
True
Is 149257 a composite number?
False
Is 33379 prime?
False
Is 4847621 a prime number?
True
Is 13311311 composite?
True
Is 9134317 composite?
False
Is 3956961 a prime number?
False
Is 122939 prime?
True
Is 96303729 prime?
False
Is 23705729 composite?
False
Is 57146429 prime?
True
Is 4697177 prime?
True
Is 93683683 prime?
True
Is 47415497 composite?
False
Is 614944123 composite?
True
Is 1222693 composite?
False
Is 2059093 composite?
False
Is 5734801 prime?
True
Is 21936883 composite?
False
Is 11335966 prime?
False
Is 7089257 composite?
True
Is 798762619 a composite number?
True
Is 14475049 prime?
False
Is 187286839 a prime number?
False
Is 19810537 a prime number?
True
Is 13757669 a composite number?
True
Is 1330807 composite?
True
Is 29936243 a prime number?
True
Is 157826371 prime?
False
Is 9206599 prime?
False
Is 211405927 composite?
False
Is 39499457 prime?
True
Is 192728399 a composite number?
False
Is 2158019 a prime number?
True
Is 68598989 a composite number?
False
Is 35894689 a prime number?
False
Is 131582813 prime?
True
Is 681763 a prime number?
True
Is 10376017 a prime number?
True
Is 23719 composite?
False
Is 54201997 a prime number?
True
Is 80737 a composite number?
False
Is 250730731 a prime number?
True
Is 3490085 a composite number?
True
Is 19371377 a composite number?
False
Is 2648551 prime?
False
Is 3108055 prime?
False
Is 1302049 a p